 34. Let u = g - 5. Calculate the remainder when u is divided by 1.
0
Let l = -21 + 61. Suppose 3*a - 4*m = 7*a - l, 4*a = 4*m + 24. Calculate the remainder when 23 is divided by a.
7
Let u = -267 + 314. What is the remainder when u is divided by 39?
8
Let w(o) = 16*o**2 + o. Let y = 20 + -15. Suppose -2*m = -2*u - 10 + 2, -4*m - y = 3*u. Calculate the remainder when 83 is divided by w(m).
15
Suppose 2*b = -2*a - 3*a + 605, -484 = -4*a - 4*b. Let i(d) = -54*d - 1. Let t be i(1). Let x = t + 86. Calculate the remainder when a is divided by x.
28
Let u(v) = -14*v + 13. Let s(t) = 6*t + 66. Let i be s(-11). What is the remainder when 59 is divided by u(i)?
7
Calculate the remainder when 23 is divided by (10/3 - 4)*-9.
5
Let n(p) = p + 40. Calculate the remainder when 155 is divided by n(0).
35
Let w(f) = 3*f**3 - 8*f**2 - 7*f + 34. What is the remainder when w(5) is divided by 62?
50
What is the remainder when 179 is divided by 12/(-16)*(-1488)/18?
55
Suppose 0 = -3*j + 93 - 57. Let m(d) = -5*d + 6. Calculate the remainder when m(-6) is divided by j.
0
Suppose 2*v - 180 = -3*k, -284 = -3*v - 0*k - k. Calculate the remainder when v is divided by 52.
44
Let j = -34 - 3. Let p be j/(-3) + 1/(-3). Calculate the remainder when 16 is divided by (-39)/(-4) + 3/p.
6
Let b = -47 + 90. Let g(n) = -11*n - 30. Let l be g(-9). Calculate the remainder when b is divided by ((-2)/2)/((12/l)/(-4)).
20
Let a(g) = g**3 - 7*g**2 + 6*g + 8. Calculate the remainder when 61 is divided by a(6).
5
Calculate the remainder when (2 - 7)*8/(-1) is divided by (-53 - -54)/(2/42).
19
Suppose -4*d + 49*a - 53*a + 24 = 0, 5*d = -a + 50. What is the remainder when 35 is divided by d?
2
Let b = -134 - -202. Calculate the remainder when 15 is divided by 536/b + (-4)/(-34).
7
Suppose -x + 3*n - 11 = 0, 7 = -2*x + 2*n + 1. Suppose -3*m - 31 = 4*p - x, -3*p + 4*m - 10 = 0. Let d = p - -12. What is the remainder when 16 is divided by d?
4
Let j = -61 + 53. Let g = -13 - -24. Let z = g - j. What is the remainder when z is divided by 5?
4
Let g(y) = -3*y - 22. Let r be g(-10). Let c = r - 16. Let x = c + 24. What is the remainder when 45 is divided by x?
13
Let v(l) = -l**3 + 5*l**2 + 60*l + 8. What is the remainder when 127 is divided by v(-6)?
39
Let p(k) = k + 57. Calculate the remainder when p(-8) is divided by 25.
24
Suppose 0 = -2*u + 20 + 216. Calculate the remainder when u is divided by 17.
16
Let i = 220 + -143. Let d = i + -18. Suppose -60 = -6*a + 3*a. Calculate the remainder when d is divided by a.
19
Suppose 0 = -4*q + 5*l - 179, -2*q - 2*l - l = 73. Let g = q - -58. Calculate the remainder when 84 is divided by g.
16
Let x(s) = -4*s**2 - 22*s - 1. What is the remainder when 27 is divided by x(-5)?
0
Let z(b) be the third derivative of -b**6/60 + b**5/6 + b**4/8 + 4*b**2. Calculate the remainder when 59 is divided by z(5).
14
Suppose 3*q + 40*q = 14147. Calculate the remainder when q is divided by 11.
10
Let l = 446 - 439. What is the remainder when 81 is divided by l?
4
Suppose 2*o = -s + 35, -5*o + 90 = 90*s - 85*s. Suppose 2*v + 3*v = 30. What is the remainder when o is divided by v?
5
Suppose -8*d - 7092 = -8388. What is the remainder when 177 is divided by d?
15
What is the remainder when (6 + 8 + -9)*(-1 - -4) is divided by 6?
3
Let m be 10/4 + (-5)/10. Let z = 15 + 3. Calculate the remainder when z is divided by 11/m - 3/(-2).
4
Suppose 2*b - 24 = -0*b. Let c(o) = o**2 - 2*o - 128. Let w be c(12). Let h = b + w. Calculate the remainder when h is divided by 1.
0
Let b = 10 - -21. What is the remainder when b is divided by -24*(-27)/(-432) + 50/4?
9
Suppose 700 = 46*b - 41*b. Calculate the remainder when b is divided by 37.
29
Let h = 345 + -342. Let l = 19 - 12. Calculate the remainder when l is divided by h.
1
Suppose -15 = -5*j, -j - 387 = -3*b + 6. Calculate the remainder when b is divided by 42.
6
Let q = 261 + -237. Calculate the remainder when 213 is divided by q.
21
Suppose 0 = -7*g + 179 - 32. Let j(f) = f**3 - 22*f**2 + 24*f + 8. What is the remainder when j(g) is divided by 18?
17
Suppose 4*z - 18 - 2 = 0. Let t(s) = -s**2 + 7*s + 4. What is the remainder when ((-1)/3)/(2/(-246)) is divided by t(z)?
13
Let d be (11 - 7) + (-154)/2. Let q = -28 - d. Calculate the remainder when q is divided by 12.
9
Suppose -4*h + 5*o + 25 = 0, -3*o - 1 + 13 = 3*h. Let u = h + 3. Let l = u + 27. What is the remainder when l is divided by 9?
8
Suppose u - 625 = 5*j - 224, 0 = -4*j + 4. What is the remainder when u is divided by 26?
16
Let b = 75 - 59. Let p(x) = -x**3 + 15*x**2 + 18*x + 25. What is the remainder when p(b) is divided by 16?
9
Suppose j + 4*j + 2*l - 120 = 0, 4*j = -5*l + 113. What is the remainder when 0 + (1724/28 - 8) + (-12)/(-28) is divided by j?
10
Suppose 2*j - 3*j = -60. Suppose 0 = 16*d - 10*d - 186. What is the remainder when j is divided by d?
29
Let l be 4/6*18/(-12). Let d be -15*8/(l + -1). Suppose -4*i + d = -4*v, -i + 0*v = 3*v + 5. What is the remainder when 19 is divided by i?
9
Let h = 1801 + -1688. What is the remainder when 1012 is divided by h?
108
Suppose -2*g = 2*g + 3*t - 79, -71 = -4*g + 5*t. Let c = 695 + -670. What is the remainder when c is divided by g?
6
Let n(s) = -2*s**2 - 31*s + 82. What is the remainder when n(-15) is divided by 59?
38
Suppose -19 = u + m - 51, 0 = u - 5*m - 50. Calculate the remainder when u is divided by (-7 + 7)/(3/(-1)) - -9.
8
Let n(h) = -5*h**2 + 69*h - 15. What is the remainder when n(11) is divided by 13?
9
Let d = -19 - -36. Suppose 148 = 5*a + 4*k, -5*a + 6*a - 5*k - 47 = 0. Calculate the remainder when a is divided by d.
15
Let f be (10/1)/((-3)/(-6)). Let p be (-30)/(-4)*f/15. Suppose y - 8 = p. Calculate the remainder when 53 is divided by y.
17
Suppose 0*q - 5*q = -20. Calculate the remainder when 124 is divided by q + (-152)/(4 + -8).
40
Let g(u) = 5*u**2 - 173*u + 5. Calculate the remainder when g(-13) is divided by 22.
19
Let a(o) = 6*o**2 + 5*o + 9. Let r = -19 + 36. What is the remainder when a(-3) is divided by r?
14
Let p be -1 + -1*(-25)/1. Suppose -3*n + n + p = 0. Let u(b) = -b**3 - 27*b**2 + 24*b - 109. What is the remainder when n is divided by u(-28)?
0
Suppose a - 9 + 5 = 0. Suppose 4*u + z = 64, -a*u - z - z + 64 = 0. Calculate the remainder when 25 is divided by u.
9
Suppose -c + 23 = 5*u - 0*c, 0 = 3*u + 4*c - 24. Suppose u*h = z + 32, 5*h - 25 = 5*z - 0*z. Calculate the remainder when 16 is divided by h.
7
Let t(n) = -3*n - 3. Let d be t(-2). Let j(p) = 4*p + 25. Let v be j(-3). Let i = v - d. Calculate the remainder when i is divided by 4.
2
Let y = -350 + 607. Calculate the remainder when y/7 + 6/21 is divided by (-2 - -22) + (1 - 2).
18
Suppose t - 3*t = 6. Let d be 18/(-6*t/81). Suppose -7*o = -3*o + 4*p - 108, 5*p + d = 4*o. Calculate the remainder when o is divided by 9.
6
Let m(h) = -2*h - 10 + 18 - 10. Suppose 2*v - 5*o - 26 = v, -4*v + o + 85 = 0. What is the remainder when v is divided by m(-7)?
9
Let o(l) = 1 + 193*l**2 + 3 - 192*l**2 + 4*l. Calculate the remainder when 147 is divided by o(-7).
22
Let b = 583 + -567. Calculate the remainder when 83 is divided by b.
3
Let j(u) = 3*u**2 - 28*u. What is the remainder when j(11) is divided by 41?
14
Suppose 1341 = 3*u + 3*j - 5*j, -3*u + 5*j + 1341 = 0. Suppose -2*t = 4, 5*f + 3*t - u = -t. Calculate the remainder when f is divided by 23.
22
Let x = -12 + -15. Let d = x - -29. Suppose d*y - 13 = 1. Calculate the remainder when 54 is divided by y.
5
Suppose 9*w + 28 - 181 = 0. Let j be 76 + -8 - (0 + 3). Let b = j - -1. Calculate the remainder when b is divided by w.
15
What is the remainder when 137 is divided by ((250/(-40))/(-5))/(2/72)?
2
What is the remainder when (-4)/((-81)/36 - -2) is divided by 9?
7
Let f = -720 + 760. Calculate the remainder when f is divided by 6.
4
Let d be 1338/8*(-5 + (-57)/(-9)). Let i = d + -46. Calculate the remainder when i is divided by 36.
33
Let m(n) = 8*n**2 + 145*n + 43. Calculate the remainder when m(-19) is divided by 54.
14
What is the remainder when (20/(-60))/((-854)/426 - -2) is divided by 12?
11
Let x(f) = f**3 - 6*f**2 - 15*f + 4. Let h be x(8). Let p = h - -77. What is the remainder when p is divided by 23?
20
Suppose 0 = -3*i + 2*b - 5*b + 552, -4*b = -i + 174. Calculate 